{"id":52,"date":"2019-10-03T09:22:32","date_gmt":"2019-10-03T07:22:32","guid":{"rendered":"http:\/\/parta-jeu.fr\/?page_id=52"},"modified":"2025-11-19T18:07:04","modified_gmt":"2025-11-19T17:07:04","slug":"les-animations-2019-2020","status":"publish","type":"page","link":"https:\/\/parta-jeu.fr\/?page_id=52","title":{"rendered":"Calendrier"},"content":{"rendered":"\n<h3 class=\"wp-block-heading\">Ci-dessous le calendrier de l&rsquo;ann\u00e9e 2025-2026 avec :<\/h3>\n\n\n\n<p class=\"has-medium-font-size\">des soir\u00e9es familles, des soir\u00e9es adultes, des journ\u00e9es jeux&#8230;<\/p>\n\n\n\n<hr class=\"wp-block-separator has-alpha-channel-opacity\"\/>\n\n\n\n<h1 class=\"wp-block-heading has-text-align-center\">La ludoth\u00e8que sera ferm\u00e9e du 2 au 6 d\u00e9cembre 2025 et du 25 d\u00e9cembre 2025 au 1er janvier 2026.<\/h1>\n\n\n\n<hr class=\"wp-block-separator has-alpha-channel-opacity\"\/>\n\n\n\n<figure class=\"wp-block-image alignwide size-large\"><a href=\"https:\/\/parta-jeu.fr\/wp-content\/uploads\/2025\/09\/calendrier-2025-2026.png\"><img loading=\"lazy\" decoding=\"async\" width=\"1024\" height=\"724\" src=\"https:\/\/parta-jeu.fr\/wp-content\/uploads\/2025\/09\/calendrier-2025-2026-1024x724.png\" alt=\"\" class=\"wp-image-787\" srcset=\"https:\/\/parta-jeu.fr\/wp-content\/uploads\/2025\/09\/calendrier-2025-2026-1024x724.png 1024w, https:\/\/parta-jeu.fr\/wp-content\/uploads\/2025\/09\/calendrier-2025-2026-300x212.png 300w, https:\/\/parta-jeu.fr\/wp-content\/uploads\/2025\/09\/calendrier-2025-2026-768x543.png 768w, https:\/\/parta-jeu.fr\/wp-content\/uploads\/2025\/09\/calendrier-2025-2026-1536x1085.png 1536w, https:\/\/parta-jeu.fr\/wp-content\/uploads\/2025\/09\/calendrier-2025-2026.png 2038w\" sizes=\"(max-width: 1024px) 100vw, 1024px\" \/><\/a><\/figure>\n\n\n\n<figure class=\"wp-block-pullquote alignwide\"><blockquote><p>Nous sommes tr\u00e8s heureux de partager des moments ludiques avec vous tous !!!<\/p><cite>L&rsquo;\u00e9quipe Parta&rsquo;Jeu<\/cite><\/blockquote><\/figure>\n\n\n\n<p><\/p>\n","protected":false},"excerpt":{"rendered":"<p>Ci-dessous le calendrier de l&rsquo;ann\u00e9e 2025-2026 avec : des soir\u00e9es familles, des soir\u00e9es adultes, des journ\u00e9es jeux&#8230; La ludoth\u00e8que sera ferm\u00e9e du 2 au 6 d\u00e9cembre 2025 et du 25 [&hellip;]<\/p>\n","protected":false},"author":3,"featured_media":191,"parent":0,"menu_order":3,"comment_status":"closed","ping_status":"closed","template":"","meta":{"footnotes":""},"class_list":["post-52","page","type-page","status-publish","has-post-thumbnail","hentry"],"_links":{"self":[{"href":"https:\/\/parta-jeu.fr\/index.php?rest_route=\/wp\/v2\/pages\/52"}],"collection":[{"href":"https:\/\/parta-jeu.fr\/index.php?rest_route=\/wp\/v2\/pages"}],"about":[{"href":"https:\/\/parta-jeu.fr\/index.php?rest_route=\/wp\/v2\/types\/page"}],"author":[{"embeddable":true,"href":"https:\/\/parta-jeu.fr\/index.php?rest_route=\/wp\/v2\/users\/3"}],"replies":[{"embeddable":true,"href":"https:\/\/parta-jeu.fr\/index.php?rest_route=%2Fwp%2Fv2%2Fcomments&post=52"}],"version-history":[{"count":48,"href":"https:\/\/parta-jeu.fr\/index.php?rest_route=\/wp\/v2\/pages\/52\/revisions"}],"predecessor-version":[{"id":812,"href":"https:\/\/parta-jeu.fr\/index.php?rest_route=\/wp\/v2\/pages\/52\/revisions\/812"}],"wp:featuredmedia":[{"embeddable":true,"href":"https:\/\/parta-jeu.fr\/index.php?rest_route=\/wp\/v2\/media\/191"}],"wp:attachment":[{"href":"https:\/\/parta-jeu.fr\/index.php?rest_route=%2Fwp%2Fv2%2Fmedia&parent=52"}],"curies":[{"name":"wp","href":"https:\/\/api.w.org\/{rel}","templated":true}]}}